?
3898
Calculate the remainder when 19824 is divided by 19491.
333
What is the remainder when 1394497 is divided by 1728?
1
What is the remainder when 100835 is divided by 204?
59
Calculate the remainder when 11258537 is divided by 52.
17
Calculate the remainder when 13511571 is divided by 1930222.
17
What is the remainder when 1144689 is divided by 76312?
9
Calculate the remainder when 265421 is divided by 8293.
45
What is the remainder when 241347 is divided by 745?
712
Calculate the remainder when 24708776 is divided by 45.
41
Calculate the remainder when 2207028 is divided by 551709.
192
What is the remainder when 14955793 is divided by 1150443?
34
What is the remainder when 117090500 is divided by 23418098?
10
What is the remainder when 1618577 is divided by 15563?
25
Calculate the remainder when 256893 is divided by 8019.
285
Calculate the remainder when 176675 is divided by 3442.
1133
Calculate the remainder when 445051 is divided by 387.
1
What is the remainder when 284269 is divided by 1512?
13
What is the remainder when 1037936 is divided by 345958?
62
Calculate the remainder when 84114777 is divided by 2206.
2203
Calculate the remainder when 1606970 is divided by 386.
52
Calculate the remainder when 82123 is divided by 944.
939
What is the remainder when 245813 is divided by 162?
59
What is the remainder when 83974 is divided by 700?
674
Calculate the remainder when 1201680 is divided by 786.
672
What is the remainder when 410048 is divided by 134?
8
Calculate the remainder when 21244 is divided by 3612.
3184
Calculate the remainder when 75082 is divided by 582.
4
What is the remainder when 447845 is divided by 16546?
1103
What is the remainder when 1309387 is divided by 50?
37
What is the remainder when 4552341 is divided by 650265?
486
Calculate the remainder when 99579 is divided by 2949.
2262
What is the remainder when 2792517 is divided by 779?
581
Calculate the remainder when 21272 is divided by 2928.
776
What is the remainder when 9817511 is divided by 109?
99
Calculate the remainder when 23263118 is divided by 2114825.
43
Calculate the remainder when 1530285021 is divided by 34.
33
Calculate the remainder when 559067 is divided by 237.
221
Calculate the remainder when 852530 is divided by 7586.
2898
What is the remainder when 5260962 is divided by 1811?
7
What is the remainder when 1437765 is divided by 1118?
17
Calculate the remainder when 11074093 is divided by 3489.
7
Calculate the remainder when 39211 is divided by 5538.
445
What is the remainder when 16959470 is divided by 448?
430
Calculate the remainder when 20968517 is divided by 361526.
9
Calculate the remainder when 23016253 is divided by 583.
579
Calculate the remainder when 11633072 is divided by 66097.
0
Calculate the remainder when 68767288 is divided by 863.
859
Calculate the remainder when 30399 is divided by 7558.
167
What is the remainder when 56815 is divided by 28322?
171
What is the remainder when 276862 is divided by 3141?
454
Calculate the remainder when 178685 is divided by 1316.
1025
Calculate the remainder when 12299 is divided by 549.
221
Calculate the remainder when 301468 is divided by 99951.
1615
Calculate the remainder when 5613476 is divided by 526.
4
What is the remainder when 69259 is divided by 2092?
223
Calculate the remainder when 3177732 is divided by 2.
0
What is the remainder when 6852343 is divided by 505?
503
What is the remainder when 18390299 is divided by 1565?
1549
What is the remainder when 3992945 is divided by 2806?
7
Calculate the remainder when 35346 is divided by 479.
379
What is the remainder when 561184 is divided by 37400?
184
What is the remainder when 10283111 is divided by 423?
404
What is the remainder when 9704188 is divided by 4852086?
16
Calculate the remainder when 75712383 is divided by 18928089.
27
What is the remainder when 3458749 is divided by 352?
349
Calculate the remainder when 462760 is divided by 43.
37
Calculate the remainder when 8280553 is divided by 7569.
67
Calculate the remainder when 451609 is divided by 451434.
175
Calculate the remainder when 2310260 is divided by 33.
29
Calculate the remainder when 429708 is divided by 25.
8
Calculate the remainder when 6397476 is divided by 2132459.
99
Calculate the remainder when 156647 is divided by 26050.
347
Calculate the remainder when 13481689 is divided by 174.
169
Calculate the remainder when 1125389 is divided by 14.
13
Calculate the remainder when 8815628 is divided by 8815561.
67
What is the remainder when 193577179 is divided by 1011?
1009
What is the remainder when 540438 is divided by 540417?
21
What is the remainder when 47771107 is divided by 473?
472
Calculate the remainder when 119795 is divided by 1.
0
Calculate the remainder when 9136877 is divided by 40.
37
Calculate the remainder when 372006 is divided by 41186.
1332
What is the remainder when 120541 is divided by 8610?
1
Calculate the remainder when 377768 is divided by 235.
123
What is the remainder when 3830286 is divided by 989?
878
What is the remainder when 190754 is divided by 1629?
161
Calculate the remainder when 948126 is divided by 948118.
8
What is the remainder when 2896412 is divided by 38?
14
What is the remainder when 20102 is divided by 210?
152
What is the remainder when 15557219 is divided by 11?
7
What is the remainder when 12815 is divided by 12508?
307
Calculate the remainder when 3845957 is divided by 1214.
5
What is the remainder when 14010847 is divided by 743?
96
What is the remainder when 3064954 is divided by 10049?
9
What is the remainder when 399572 is divided by 199012?
1548
Calculate the remainder when 729526 is divided by 542.
536
What is the remainder when 5685635 is divided by 1758?
263
Calculate the remainder when 240329590 is divided by 40.
30
Calculate the remainder when 130363629 is divided by 43454528.
45
What is the remainder when 174701 is divided by 950?
851
Calculate the remainder when 24021 is divided by 679.
256
What is the remainder when 10844 is divided by 264?
20
Calculate the remainder when 10716347 is divided by 51030.
47
Calculate the remainder when 5344623 is divided by 24.
15
What is the remainder when 54126570 is divided by 2830?
2820
Calculate the remainder when 22070538 is divided by 1050977.
21
Calculate the remainder when 138249 is divided by 70.
69
What is the remainder when 5908696 is divided by 1377?
1366
Calculate the remainder when 14166520 is divided by 12181.
17
What is the remainder when 31943 is divided by 5250?
443
What is the remainder when 103406198 is divided by 761?
757
Calculate the remainder when 63686 is divided by 226.
180
What is the remainder when 49110 is divided by 1681?
361
What is the remainder when 147440 is divided by 8665?
135
Calculate the remainder when 318221 is divided by 258.
107
What is the remainder when 349392 is divided by 38766?
498
What is the remainder when 4038935 is divided by 807772?
75
Calculate the remainder when 51750865 is divided by 2250037.
14
Calculate the remainder when 167122 is divided by 24.
10
What is the remainder when 512516 is divided by 138?
122
Calculate the remainder when 615322 is divided by 376.
186
Calculate the remainder when 188962631 is divided by 36.
35
What is the remainder when 7041139 is divided by 58?
55
Calculate the remainder when 540216893 is divided by 21.
20
What is the remainder when 2133348 is divided by 3033?
1149
What is the remainder when 1693385 is divided by 79?
20
Calculate the remainder when 19586245 is divided by 2257.
2256
Calculate the remainder when 7043827 is divided by 66451.
21
What is the remainder when 381715 is divided by 3502?
3499
Calculate the remainder when 455613 is divided by 37789.
2145
Calculate the remainder when 48703054 is divided by 466.
462
Calculate the remainder when 253426 is divided by 3249.
4
What is the remainder when 9525322 is divided by 1587551?
16
Calculate the remainder when 1757652 is divided by 68.
56
Calculate the remainder when 2325103 is divided by 1070.
1063
Calculate the remainder when 26993222 is divided by 1479.
1472
What is the remainder when 182734 is divided by 3909?
2920
Calculate the remainder when 244126478 is divided by 19.
0
What is the remainder when 1378319 is divided by 459433?
20
Calcula